[INFO] fetching crate cobin 0.1.1...
[INFO] checking cobin-0.1.1 against master#e6e4f7ed1589e03bc2f6c5931c1a72e7947e8682 for beta-170-4
[INFO] extracting crate cobin 0.1.1 into /workspace/builds/worker-0-tc2/source
[INFO] validating manifest of crates.io crate cobin 0.1.1 on toolchain e6e4f7ed1589e03bc2f6c5931c1a72e7947e8682
[INFO] running `Command { std: CARGO_HOME="/workspace/cargo-home" RUSTUP_HOME="/workspace/rustup-home" "/workspace/cargo-home/bin/cargo" "+e6e4f7ed1589e03bc2f6c5931c1a72e7947e8682" "metadata" "--manifest-path" "Cargo.toml" "--no-deps", kill_on_drop: false }`
[INFO] started tweaking crates.io crate cobin 0.1.1
[INFO] finished tweaking crates.io crate cobin 0.1.1
[INFO] tweaked toml for crates.io crate cobin 0.1.1 written to /workspace/builds/worker-0-tc2/source/Cargo.toml
[INFO] crate crates.io crate cobin 0.1.1 already has a lockfile, it will not be regenerated
[INFO] running `Command { std: CARGO_HOME="/workspace/cargo-home" RUSTUP_HOME="/workspace/rustup-home" "/workspace/cargo-home/bin/cargo" "+e6e4f7ed1589e03bc2f6c5931c1a72e7947e8682" "fetch" "--manifest-path" "Cargo.toml", kill_on_drop: false }`
[INFO] running `Command { std: "docker" "create" "-v" "/var/lib/crater-agent-workspace/builds/worker-0-tc2/target:/opt/rustwide/target:rw,Z" "-v" "/var/lib/crater-agent-workspace/builds/worker-0-tc2/source:/opt/rustwide/workdir:ro,Z" "-v" "/var/lib/crater-agent-workspace/cargo-home:/opt/rustwide/cargo-home:ro,Z" "-v" "/var/lib/crater-agent-workspace/rustup-home:/opt/rustwide/rustup-home:ro,Z" "-e" "SOURCE_DIR=/opt/rustwide/workdir" "-e" "CARGO_TARGET_DIR=/opt/rustwide/target" "-e" "CARGO_HOME=/opt/rustwide/cargo-home" "-e" "RUSTUP_HOME=/opt/rustwide/rustup-home" "-w" "/opt/rustwide/workdir" "-m" "1610612736" "--user" "0:0" "--network" "none" "ghcr.io/rust-lang/crates-build-env/linux@sha256:19e73879b68f455e41552ea35293514db52ea292d993f571636dbffedb77a1ee" "/opt/rustwide/cargo-home/bin/cargo" "+e6e4f7ed1589e03bc2f6c5931c1a72e7947e8682" "metadata" "--no-deps" "--format-version=1", kill_on_drop: false }`
[INFO] [stdout] a528d67c39bbd6a8bae8aa464cd637a0a362e8e9e9418bcc97f43458650b8cbe
[INFO] running `Command { std: "docker" "start" "-a" "a528d67c39bbd6a8bae8aa464cd637a0a362e8e9e9418bcc97f43458650b8cbe", kill_on_drop: false }`
[INFO] running `Command { std: "docker" "inspect" "a528d67c39bbd6a8bae8aa464cd637a0a362e8e9e9418bcc97f43458650b8cbe", kill_on_drop: false }`
[INFO] running `Command { std: "docker" "rm" "-f" "a528d67c39bbd6a8bae8aa464cd637a0a362e8e9e9418bcc97f43458650b8cbe", kill_on_drop: false }`
[INFO] [stdout] a528d67c39bbd6a8bae8aa464cd637a0a362e8e9e9418bcc97f43458650b8cbe
[INFO] running `Command { std: "docker" "create" "-v" "/var/lib/crater-agent-workspace/builds/worker-0-tc2/target:/opt/rustwide/target:rw,Z" "-v" "/var/lib/crater-agent-workspace/builds/worker-0-tc2/source:/opt/rustwide/workdir:ro,Z" "-v" "/var/lib/crater-agent-workspace/cargo-home:/opt/rustwide/cargo-home:ro,Z" "-v" "/var/lib/crater-agent-workspace/rustup-home:/opt/rustwide/rustup-home:ro,Z" "-e" "SOURCE_DIR=/opt/rustwide/workdir" "-e" "CARGO_TARGET_DIR=/opt/rustwide/target" "-e" "CARGO_INCREMENTAL=0" "-e" "RUST_BACKTRACE=full" "-e" "RUSTFLAGS=--cap-lints=forbid" "-e" "RUSTDOCFLAGS=--cap-lints=forbid" "-e" "CARGO_HOME=/opt/rustwide/cargo-home" "-e" "RUSTUP_HOME=/opt/rustwide/rustup-home" "-w" "/opt/rustwide/workdir" "-m" "1610612736" "--user" "0:0" "--network" "none" "ghcr.io/rust-lang/crates-build-env/linux@sha256:19e73879b68f455e41552ea35293514db52ea292d993f571636dbffedb77a1ee" "/opt/rustwide/cargo-home/bin/cargo" "+e6e4f7ed1589e03bc2f6c5931c1a72e7947e8682" "check" "--frozen" "--all" "--all-targets" "--message-format=json", kill_on_drop: false }`
[INFO] [stdout] 521982ad067bfc61577ad9f9eef51ffd1ef8d2219218b00cb581aaad952fdeb4
[INFO] running `Command { std: "docker" "start" "-a" "521982ad067bfc61577ad9f9eef51ffd1ef8d2219218b00cb581aaad952fdeb4", kill_on_drop: false }`
[INFO] [stderr]    Compiling libc v0.2.114
[INFO] [stderr]     Checking block v0.1.6
[INFO] [stderr]     Checking malloc_buf v0.0.6
[INFO] [stderr]     Checking objc v0.2.7
[INFO] [stderr]     Checking cobin v0.1.1 (/opt/rustwide/workdir)
[INFO] [stdout] error[E0455]: link kind `framework` is only supported on Apple targets
[INFO] [stdout]   --> src/foundation.rs:14:36
[INFO] [stdout]    |
[INFO] [stdout] 14 | #[link(name = "Foundation", kind = "framework")]
[INFO] [stdout]    |                                    ^^^^^^^^^^^
[INFO] [stdout] 
[INFO] [stdout] 
[INFO] [stdout] error[E0455]: link kind `framework` is only supported on Apple targets
[INFO] [stdout]  --> src/app_kit.rs:8:32
[INFO] [stdout]   |
[INFO] [stdout] 8 | #[link(name = "AppKit", kind = "framework")]
[INFO] [stdout]   |                                ^^^^^^^^^^^
[INFO] [stdout] 
[INFO] [stdout] 
[INFO] [stdout] error[E0455]: link kind `framework` is only supported on Apple targets
[INFO] [stdout]   --> src/metal.rs:50:31
[INFO] [stdout]    |
[INFO] [stdout] 50 | #[link(name = "Metal", kind = "framework")]
[INFO] [stdout]    |                               ^^^^^^^^^^^
[INFO] [stdout] 
[INFO] [stdout] 
[INFO] [stdout] error: aborting due to 3 previous errors
[INFO] [stdout] 
[INFO] [stdout] 
[INFO] [stdout] For more information about this error, try `rustc --explain E0455`.
[INFO] [stdout] 
[INFO] [stderr] error: could not compile `cobin` (lib) due to 4 previous errors
[INFO] [stderr] warning: build failed, waiting for other jobs to finish...
[INFO] [stdout] error[E0455]: link kind `framework` is only supported on Apple targets
[INFO] [stdout]   --> src/foundation.rs:14:36
[INFO] [stdout]    |
[INFO] [stdout] 14 | #[link(name = "Foundation", kind = "framework")]
[INFO] [stdout]    |                                    ^^^^^^^^^^^
[INFO] [stdout] 
[INFO] [stdout] 
[INFO] [stdout] error[E0455]: link kind `framework` is only supported on Apple targets
[INFO] [stdout]  --> src/app_kit.rs:8:32
[INFO] [stdout]   |
[INFO] [stdout] 8 | #[link(name = "AppKit", kind = "framework")]
[INFO] [stdout]   |                                ^^^^^^^^^^^
[INFO] [stdout] 
[INFO] [stdout] 
[INFO] [stdout] error[E0455]: link kind `framework` is only supported on Apple targets
[INFO] [stdout]   --> src/metal.rs:50:31
[INFO] [stdout]    |
[INFO] [stdout] 50 | #[link(name = "Metal", kind = "framework")]
[INFO] [stdout]    |                               ^^^^^^^^^^^
[INFO] [stdout] 
[INFO] [stdout] 
[INFO] [stdout] error: aborting due to 3 previous errors
[INFO] [stdout] 
[INFO] [stdout] 
[INFO] [stdout] For more information about this error, try `rustc --explain E0455`.
[INFO] [stdout] 
[INFO] [stderr] error: could not compile `cobin` (lib test) due to 4 previous errors
[INFO] running `Command { std: "docker" "inspect" "521982ad067bfc61577ad9f9eef51ffd1ef8d2219218b00cb581aaad952fdeb4", kill_on_drop: false }`
[INFO] running `Command { std: "docker" "rm" "-f" "521982ad067bfc61577ad9f9eef51ffd1ef8d2219218b00cb581aaad952fdeb4", kill_on_drop: false }`
[INFO] [stdout] 521982ad067bfc61577ad9f9eef51ffd1ef8d2219218b00cb581aaad952fdeb4
